{"id":15,"date":"2020-12-26T23:13:43","date_gmt":"2020-12-26T22:13:43","guid":{"rendered":"https:\/\/www.mxklub.sk\/?page_id=15"},"modified":"2021-03-05T19:41:59","modified_gmt":"2021-03-05T18:41:59","slug":"kto-je-mx-klub-dunajska-luzna","status":"publish","type":"page","link":"https:\/\/www.mxklub.sk\/?page_id=15","title":{"rendered":"O n\u00e1s"},"content":{"rendered":"\n<p>Klub je zoskupen\u00edm nad\u0161encov tohto \u0161portu \u017eij\u00facich v na\u0161ej obci a bl\u00edzkom okol\u00ed. Viacer\u00ed z nich s\u00fa&nbsp; b\u00fdval\u00ed akt\u00edvni pretek\u00e1ri, boli \u010dlenmi p\u00f4vodn\u00e9ho motokrosov\u00e9ho klubu v Dunajskej Lu\u017enej a dnes tento&nbsp; \u0161port vykon\u00e1vaj\u00fa ako svoje hoby a rekre\u00e1ciu.&nbsp;<\/p>\n\n\n\n<p>Klub m\u00e1 dnes 25 \u010dlenov a m\u00e1 podan\u00fa \u017eiados\u0165 o registr\u00e1ciu ob\u010dianskeho zdru\u017eenia na Ministerstve&nbsp; vn\u00fatra SR. Klub si vytvoril zo svojich \u010dlenov pr\u00edpravn\u00fd v\u00fdbor, ktor\u00fd si dal za \u00falohu pripravi\u0165 podmienky&nbsp; pre jeho fungovanie.&nbsp;<\/p>\n\n\n\n<p>\u010clenovia pr\u00edpravn\u00e9ho v\u00fdboru:&nbsp;<\/p>\n\n\n\n<p><strong>J\u00e1n Fajnor, Peter Cabadaj, Ladislav \u0160mitala, \u0160tefan Fajnor, Martin Mosn\u00fd<\/strong><\/p>\n\n\n\n<p><a href=\"https:\/\/www.mxklub.sk\/?page_id=13\" data-type=\"page\" data-id=\"13\">Hist\u00f3ria<\/a><\/p>\n","protected":false},"excerpt":{"rendered":"<p>Klub je zoskupen\u00edm nad\u0161encov tohto \u0161portu \u017eij\u00facich v na\u0161ej obci a bl\u00edzkom okol\u00ed. Viacer\u00ed z nich s\u00fa&nbsp; b\u00fdval\u00ed akt\u00edvni pretek\u00e1ri,[&#8230;]<\/p>\n","protected":false},"author":1,"featured_media":0,"parent":0,"menu_order":0,"comment_status":"closed","ping_status":"closed","template":"","meta":{"footnotes":""},"class_list":["post-15","page","type-page","status-publish","hentry"],"_links":{"self":[{"href":"https:\/\/www.mxklub.sk\/index.php?rest_route=\/wp\/v2\/pages\/15","targetHints":{"allow":["GET"]}}],"collection":[{"href":"https:\/\/www.mxklub.sk\/index.php?rest_route=\/wp\/v2\/pages"}],"about":[{"href":"https:\/\/www.mxklub.sk\/index.php?rest_route=\/wp\/v2\/types\/page"}],"author":[{"embeddable":true,"href":"https:\/\/www.mxklub.sk\/index.php?rest_route=\/wp\/v2\/users\/1"}],"replies":[{"embeddable":true,"href":"https:\/\/www.mxklub.sk\/index.php?rest_route=%2Fwp%2Fv2%2Fcomments&post=15"}],"version-history":[{"count":4,"href":"https:\/\/www.mxklub.sk\/index.php?rest_route=\/wp\/v2\/pages\/15\/revisions"}],"predecessor-version":[{"id":51,"href":"https:\/\/www.mxklub.sk\/index.php?rest_route=\/wp\/v2\/pages\/15\/revisions\/51"}],"wp:attachment":[{"href":"https:\/\/www.mxklub.sk\/index.php?rest_route=%2Fwp%2Fv2%2Fmedia&parent=15"}],"curies":[{"name":"wp","href":"https:\/\/api.w.org\/{rel}","templated":true}]}}